888. What is n(49)?
6
Let l(z) = 98*z**2 - 15*z + 11. Determine l(1).
94
Let w(x) = -275*x - 18170. What is w(-66)?
-20
Let p(r) = r**3 - r**2 + 2*r - 20. Calculate p(3).
4
Let n(s) = -s**3 + 16*s**2 + 6*s - 83. Calculate n(17).
-270
Let h(f) = -69*f - 1617. What is h(-23)?
-30
Let p(o) = 53*o**3 + 28*o**2 - 4*o - 1. Give p(-2).
-305
Let d(o) = 30*o + 209. Determine d(-8).
-31
Let p(u) = -133*u + 5311. Give p(40).
-9
Let b(u) = 20*u - 489. Calculate b(23).
-29
Let l(h) = -62*h - 9. Give l(-1).
53
Let j(i) = -i**3 + 22*i**2 - 58*i - 83. Give j(19).
-102
Let j(k) = -3998*k + 87949. Determine j(22).
-7
Let t(d) = d**3 + 5*d**2 + 36*d + 200. What is t(-5)?
20
Let a(p) = -10*p - 172. What is a(-22)?
48
Let v(d) = 8*d**2 - 45*d + 65. Calculate v(2).
7
Let r(f) = 199*f + 1760. Give r(-9).
-31
Let c(k) = -86*k**2 + 1037*k - 3. What is c(12)?
57
Let o(l) = -419*l - 19262. Give o(-46).
12
Let o(z) = 6*z**2 - 400*z - 127. What is o(67)?
7
Let v(c) = 4*c**2 - 178*c - 1836. Calculate v(53).
-34
Let h(v) = -v**3 + 23*v**2 - 44*v + 46. Give h(21).
4
Let v(a) = 6*a - 32. Determine v(10).
28
Let x(k) = -2*k**2 - 5*k + 120. Determine x(-11).
-67
Let j(s) = -35*s + 640. Calculate j(18).
10
Let r(g) = -g**3 + 24*g**2 + 415. Give r(25).
-210
Let x(g) = g**3 + 3*g**2 + 3*g - 12. What is x(2)?
14
Let m(g) = -2*g - 11. Calculate m(12).
-35
Let b(x) = -50*x**2 + 2950*x + 10. Calculate b(59).
10
Let y(o) = -o**3 + 14*o**2 - 9*o - 11. What is y(13)?
41
Let a(c) = 9*c**3 + 511*c**2 - 232*c - 6722. Give a(-57).
4
Let b(m) = 3*m - 78. What is b(30)?
12
Let m(p) = -3*p**2 + 94*p - 333. Calculate m(8).
227
Let l(v) = -v**3 + 214*v**2 + 3183*v - 118. Determine l(-14).
8
Let w(h) = h**3 + 9*h**2 - 28*h - 262. Determine w(-9).
-10
Let l(h) = 35*h - 346. Determine l(6).
-136
Let j(v) = 12*v**2 - 16*v - 343. Give j(6).
-7
Let w(b) = -35*b - 93. Calculate w(20).
-793
Let y(v) = v**3 + 22*v**2 + 144*v + 37. Determine y(-11).
-216
Let o(s) = 2*s**3 + 103*s**2 + 47*s - 186. Calculate o(-51).
18
Let w(o) = -2*o**3 - 73*o**2 + 30*o - 3. Determine w(-37).
256
Let t(z) = -z**2 + 119*z + 605. Determine t(-5).
-15
Let d(h) = -19*h**2 + 4*h - 15. Give d(2).
-83
Let u(g) = g**3 + 12*g**2 - 62*g + 1. Determine u(-16).
-31
Let t(o) = -38*o + 7. Give t(1).
-31
Let t(q) = -178*q + 544. Give t(3).
10
Let z(a) = -a**2 - 63*a + 1774. Give z(21).
10
Let k(c) = -7*c**2 - 78*c + 10. Give k(-12).
-62
Let p(h) = h**3 + 132*h**2 + 1339*h + 889. Determine p(-121).
-79
Let i(m) = m**3 - 89*m**2 + 69*m + 1668. Determine i(88).
-4
Let j(t) = -t**3 - 9*t**2 + 8*t + 69. What is j(-10)?
89
Let i(c) = c**2 - 46*c + 489. What is i(30)?
9
Let r(d) = -41*d**2 + 320*d + 20. What is r(8)?
-44
Let x(y) = -585*y + 284890. Give x(487).
-5
Let d(r) = -241*r - 1941. Determine d(-8).
-13
Let o(g) = -g**3 - 20*g**2 - 109*g + 20. Give o(-7).
146
Let b(l) = 2*l**3 - 12*l**2 + 17*l - 31. Give b(5).
4
Let a(m) = -2*m**3 + 16*m**2 - 35*m - 9. What is a(6)?
-75
Let j(y) = -15*y**3 + 328*y**2 + 38*y + 120. Give j(22).
-12
Let m(w) = -w**2 - 41*w - 162. What is m(-22)?
256
Let n(c) = 4*c - 28. What is n(0)?
-28
Let p(a) = 35*a**2 - 33*a + 28. Determine p(1).
30
Let x(n) = -n**2 - 58*n - 122. Give x(-54).
94
Let g(q) = 2*q**2 - 163*q - 9. Give g(79).
-404
Let t(g) = 40*g - 378. Give t(5).
-178
Let p(j) = -92*j - 903. Calculate p(-7).
-259
Let s(p) = -20*p - 846. What is s(-42)?
-6
Let p(r) = 11*r**2 - 79*r + 12. Calculate p(7).
-2
Let t(j) = -431*j + 12931. Give t(30).
1
Let g(d) = d**2 - 40*d - 760. What is g(-13)?
-71
Let k(c) = -2*c**2 + 7*c - 14. What is k(11)?
-179
Let u(y) = 414*y + 32310. What is u(-78)?
18
Let k(i) = 22*i**2 + 326*i + 516. Give k(-13).
-4
Let o(g) = -28*g - 225. Give o(-7).
-29
Let u(r) = -r**3 + 12*r**2 - 16*r - 83. Calculate u(9).
16
Let h(f) = -f**3 - 13*f**2 + 5*f - 51. Determine h(-9).
-420
Let i(k) = k + 241. What is i(-22)?
219
Let q(c) = 12*c**2 - 665*c - 664. Calculate q(-1).
13
Let r(v) = -960*v + 3836. Determine r(4).
-4
Let y(k) = k**3 - 7*k + 23. Give y(4).
59
Let y(i) = -4*i**2 + 79*i + 49. Calculate y(20).
29
Let k(v) = -5*v**2 + 72*v - 19. Calculate k(14).
9
Let u(b) = -b**2 + 81*b - 665. Determine u(9).
-17
Let l(j) = -7*j**2 - 5*j + 49. Give l(4).
-83
Let i(g) = -7*g**3 - 2*g**2 - 3*g - 2. Calculate i(-1).
6
Let f(l) = -31*l**2 + 11*l + 36. What is f(4)?
-416
Let k(u) = 51*u - 107. What is k(6)?
199
Let q(w) = -66*w - 721. Give q(-12).
71
Let h(d) = 75*d + 84. Determine h(-5).
-291
Let j(h) = -h**2 - 72*h - 217. What is j(-69)?
-10
Let b(a) = 6742*a + 552843. Calculate b(-82).
-1
Let y(c) = 43*c - 537. Determine y(12).
-21
Let m(n) = n + 2. Calculate m(29).
31
Let x(s) = -6*s + 105. Determine x(13).
27
Let p(q) = -71*q - 925. Give p(-13).
-2
Let v(x) = -x**3 - 28*x**2 + 39*x + 1087. Determine v(-28).
-5
Let f(t) = -3*t**2 + 96*t + 284. Calculate f(35).
-31
Let j(t) = 3*t**2 + 124*t + 159. Calculate j(-40).
-1
Let o(y) = 9*y**2 - 235*y + 270. Give o(25).
20
Let x(j) = 88*j + 37. Determine x(-2).
-139
Let y(v) = v**3 + 36*v**2 + 248*v + 140. Calculate y(-27).
5
Let r(v) = 6*v - 48. What is r(-23)?
-186
Let k(n) = -3*n + 99. What is k(42)?
-27
Let h(l) = -4535*l + 49881. Determine h(11).
-4
Let v(n) = -6*n**2 - 35*n + 10. What is v(-6)?
4
Let q(j) = 9*j**2 - 44*j + 120. What is q(3)?
69
Let s(z) = -3*z**2 + 206*z - 1453. What is s(8)?
3
Let d(q) = 21*q - 22. Determine d(4).
62
Let w(f) = -84*f - 863. What is w(-10)?
-23
Let o(y) = y**3 - 9*y**2 + 17*y - 9. What is o(10)?
261
Let w(n) = n**3 - 22*n - 59. Determine w(-5).
-74
Let u(i) = -1413*i + 1389. Give u(1).
-24
Let r(v) = v**3 + 154*v**2 + 895*v + 1016. Determine r(-148).
-20
Let f(h) = -h**3 - 21*h**2 - 101*h + 83. What is f(-10)?
-7
Let w(o) = -44*o - 3862. What is w(-88)?
10
Let o(d) = 2053*d - 4114. Give o(2).
-8
Let f(c) = 11*c**2 + 838*c + 78. Determine f(-76).
-74
Let m(p) = -7*p**3 - 15*p**2 + 3*p - 15. What is m(-5)?
470
Let i(v) = -v**3 - 26*v**2 + 74*v + 238. What is i(-28)?
-266
Let p(o) = o**2 + 31*o - 192. What is p(8)?
120
Let a(u) = u**2 + 4*u - 2343. Calculate a(46).
-43
Let z(w) = -w**2 + 411*w + 6815. Give z(-16).
-17
Let o(p) = -9*p**2 + 73*p + 77. Determine o(-1).
-5
Let j(y) = -y**3 - 47*y**2 + 65*y + 802. Determine j(-48).
-14
Let h(s) = s**2 - 657*s + 4567. Give h(7).
17
Let k(o) = -2*o**2 - 187*o - 2221. Calculate k(-14).
5
Let f(z) = 4*z**2 - 123*z - 1137. Calculate f(-10).
493
Let j(t) = -5*t**2 - 15*t - 36. Determine j(-3).
-36
Let h(n) = -160*n + 1572. What is h(10)?
-28
Let z(f) = f**3 + 37*f**2 + 272*f + 47. What is z(-27)?
-7
Let t(j) = 6*j**2 + 356*j + 1010. Determine t(-3).
-4
Let o(n) = n**2 + 16*n + 61. Calculate o(-10).
1
Let y(v) = v**2 + 18*v + 80. Calculate y(-22).
168
Let v(n) = -26*n**3 + 2*n**2 + 52*n - 53. Calculate v(1).
-25
Let c(y) = 5*y - 148. What is c(43)?
67
Let v(w) = 2*w + 151. Calculate v(14).
179
Let h(m) = 11*m**2 - 24*m + 7. Determine h(2).
3
Let u(r) = -r**2 - 56*r - 322. Give u(-7).
21
Let j(x) = 4*x**3 - 4*x**2 - 5*x. Determine j(-1).
-3
Let g(z) = -8*z**2 + 44*z - 125. Calculate g(4).
-77
Let g(s) = -s**3 - 13*s**2 + 4*s - 400. Calculate g(-15).
-10
Let n(g) = -2*g**3 + 21*g**2 - 36*g + 77. Calculate n(9).
-4
Let n(d) = 2*d**3 - 98*d**2 - 3*d + 142. Determine n(49).
-5
Let p(g) = -205*g**2 + 407*g + 1. Determine p(2).
-5
Let f(t) = -885*t + 4235. Calculate f(5).
-190
Let q(y) = 4*y**3 + 61*y**2 + 71*y + 27. Calculate q(-14).
13
Let c(j) = 235*j + 28917. What is c(-123)?
12
Let g(l) = 5*l**3 + 7*l**2 + 5*l + 1. Calculate g(-3).
-86
Let f(a) = -24*a + 664. Determine f(27).
16
Let s(q) = -1522*q + 1520. Calculate s(1).
-2
Let c(d) = d**3 + 18*d**2 - 141*d + 65. Determine c(-24).
-7
Let g(y) = -74*y**2 + 228*y + 9. Give g(3).
27
Let x(z) = -z**2 - 32*z - 144. Determine x(-6).
12
Let t(z) = 26*z**3 - z**2. What is t(-1)?
-27
Let k(n) = 6*n**2 + 370*n + 715. Determine k(-2).
-1
Let o(t) = -t**3 - 2*t**2 + 76*t - 7. Calculate o(-11).
246
Let w(h) = 15*h - 17. Calculate w(4).
43
Let p(y) = -2*y**2 - 70*y + 1994. Give p(19).
-58
Let g(i) = 34*i**2 - 159*i - 23. Determine g(6).
247
Let r(y) = 3*y**2 - 18*y - 271. What is r(-7)?
2
Let k(f) = f**3 + 12*f**2 - 30*f - 48. Give k(-14).
-20
Let n(l) = -2*l**2 + 10*l + 1. Calculate n(4).
9
Let k(d) = d**3 - 50*d**2 + 264*d + 12. Calculate k(